Let v(b) = -9*b**2 + 1. Calculate v(f).
-8
Suppose -3*i - 17 = 2*p, 2*i = 3*p + 2*p - 5. Let f(v) = -v**3 + v**2. Let b(x) = 10*x**3 - 2*x**2. Let j(q) = b(q) + 3*f(q). Determine j(p).
-6
Let m(d) = -4*d. Let p(z) = z. Let t(o) = -m(o) - 5*p(o). Let g = -7 + 11. Suppose -4*j = 2*k - 9 - 1, -3*k - 35 = -g*j. Give t(k).
5
Let m(c) = -4*c + 6. Let p(v) = 8*v - 13. Let t(d) = 4*d**3 - d**2 + d. Let x be t(1). Let q(r) = x*p(r) + 9*m(r). Calculate q(2).
-6
Let w(m) = m**2 - 3*m - 3. Suppose -z = 3*t, -z + 3*z = -5*t - 1. Let x be t/2*(11 + -1). Calculate w(x).
7
Suppose -i - 62 = i. Let d = i + 20. Let v(s) = s**2 + 5*s + 5. Let q(z) = -6*z**2 - 26*z - 24. Let a(r) = d*v(r) - 2*q(r). Calculate a(5).
3
Let d(o) be the first derivative of -6 + 0*o**2 + o + 2/3*o**3. Determine d(-1).
3
Suppose -6*q + 9 = -3. Let i(j) be the second derivative of 0 + j - q*j**2 + 1/3*j**3. Give i(5).
6
Let s(t) = 2*t - 3. Let n be s(-6). Let z = -5 - n. Let l(w) = w. Let v(i) = 4*i. Let u(m) = z*l(m) - 3*v(m). What is u(2)?
-4
Let n(m) = m**2 - 2*m - 3. Let b(v) = v**3 - 5*v**2 + v + 3. Let x be b(5). Let z = 1 + -1. Suppose -4*r = -z*r + x. Determine n(r).
5
Let c = 12 + -17. Let g(l) be the third derivative of -l**6/120 - l**5/12 + l**4/12 + 2*l**3/3 + l**2. Calculate g(c).
-6
Let q = 9 + -1. Let u = q + -5. Let r be u/2 - (-2)/4. Let b(n) = n**3 - 2*n**2 + 3*n - 3. Determine b(r).
3
Let v(d) = d**2 + 4*d + 3. Let h be (-10)/(-3) + (-3)/9. Suppose h*f + 2*f + 10 = 0. Calculate v(f).
-1
Let j(x) = x**3 - x**2 - x + 2. Suppose 4*y = -r + 1, -3*y + 0*y = 2*r - 2. Suppose -2*o - 4 = -2*m - 0, 3*o = -4*m + 15. Let h = m - r. What is j(h)?
4
Suppose -2 = s - 4. Suppose -5*y + 2*n = -19, -s*y + n = y - 11. Let u(i) = y*i**2 - 4*i + 4*i - i**3 - 2. What is u(3)?
-2
Let d(s) = -s**3 - 9*s**2 - 1. Suppose -4*q - 38 = -2*k, 5 = 5*k - 0. Give d(q).
-1
Let g = -9 - -13. Suppose -2*b + d = -6*b + 18, 4*d - 12 = -g*b. Let o(k) = 1 - 5 + 5*k**2 + 8*k - k**2 - k**3. What is o(b)?
11
Let v(r) be the second derivative of -r**5/20 - r**4/6 + r**3 + r**2/2 - 7*r. Determine v(-4).
9
Let y(c) = c + 1. Let t(s) = -2*s - 2. Let v(j) = -3*t(j) - 8*y(j). Let i be 2*2/(-8)*-34. Suppose -i + 2 = 3*h. What is v(h)?
8
Let j(d) = d + 4. Suppose 0 = 5*c - 0*c. What is j(c)?
4
Let m = 3 + 0. Let a(f) = 5*f**m + 0*f**2 + 1 + 0*f**2 - f**2 + f. Suppose 3*h = v - 2, 8*h + 5 = 5*h - 2*v. Give a(h).
-6
Let r(f) = -2*f - 6. Let q(n) = n**2 + 6*n + 2. Let a(i) = 6*i**3 + i**2 + 2*i + 1. Let z be a(-1). Let l be q(z). Suppose -12 = l*h - 4. Give r(h).
2
Let o(g) = -g - 3. Suppose -3*a - 15 = 3*x, 2*x - 5*a = -2 + 13. Calculate o(x).
-1
Let g(v) be the second derivative of -v**3/6 - v**2 + 15*v. What is g(2)?
-4
Suppose 6*n - 11 + 5 = 0. Let l(i) be the third derivative of 1/3*i**4 + 0*i + i**2 + 0*i**3 + 0. Determine l(n).
8
Let o(n) = 4*n**2 + 6*n - 3. Let x(w) = 9*w**2 + 13*w - 6. Let p(g) = -7*o(g) + 3*x(g). Suppose -3*h + h = 0. Let a be (2 - -2)*(h + -1). Determine p(a).
-1
Let y(s) be the first derivative of -s**3/3 + 2*s**2 + 5*s - 2. Let m be y(5). Let v(x) = 2*x + x**2 + m*x - 6*x. Give v(4).
0
Let d(z) be the first derivative of -4*z**2 - z - 20. Let h be 4/(-10) + 81/15. Suppose -h*b - 3 = 2. What is d(b)?
7
Let a(p) be the second derivative of p**3/6 - 13*p**2/2 + 10*p - 2. Calculate a(6).
-7
Let q(f) = -f**3 - 2*f + 5 + 7 + 0*f + 6*f**2 - 7. Calculate q(6).
-7
Let f(h) = h**3 + h**2 + 2*h + 2. Let n be 6/(-4) - 2/4. Let c = n - 0. Give f(c).
-6
Let f(d) be the first derivative of 1/2*d**2 + 1/4*d**4 + 2*d**3 + 3*d + 3. Calculate f(-6).
-3
Let c be (2/5)/(1/(-5)). Let y(g) = -1 + 8*g + 2 - 3. Let j(z) = 4*z - 1. Let u(w) = -5*j(w) + 2*y(w). Determine u(c).
9
Let o(b) = -b**2 - 2*b - 1. Let f = -3 + 5. Suppose 5*s - f*s = -3. Give o(s).
0
Let l(p) = -3*p + 2. Let f(k) = -k**2 + 4*k + 3. Let w be f(4). Determine l(w).
-7
Suppose 3*q + 7 = 2*v, -2*v = 2*q - 4 + 2. Let r(p) be the third derivative of -2/3*p**3 + p**v + 0*p**4 + 0*p + 1/60*p**5 + 0. Determine r(-3).
5
Let l = -9 + 2. Let a be 1/(1*1/9). Let y = l + a. Let i(j) = j. Determine i(y).
2
Let o(z) be the second derivative of z**6/720 + z**5/120 - z**4/6 + 2*z. Let v(a) be the third derivative of o(a). Give v(3).
4
Let r(t) = t**2 - 1. Let d(c) = -c**3 - 9*c**2 - 7*c + 10. Let f be d(-8). Let k(z) = 6*z + 4*z**2 - 4 + z**f - z. Let v(a) = k(a) - 6*r(a). Calculate v(4).
6
Let r(i) = -8*i + 3. Let b(d) = -7*d + 2. Let v(y) = 5*b(y) - 4*r(y). Determine v(-2).
4
Let o(a) = -3*a - 44. Let r(m) = m + 15. Let v(s) = -6*o(s) - 17*r(s). Calculate v(-10).
-1
Let k(u) be the third derivative of -2*u**5/15 + u**3/6 - 6*u**2. Calculate k(-1).
-7
Let n(j) be the second derivative of j**4/12 - 5*j**3/6 - j**2 + 6*j. What is n(5)?
-2
Let h(o) be the first derivative of 1/120*o**5 + 0*o**4 + 0*o + o**3 + 0*o**2 + 3. Let a(k) be the third derivative of h(k). Calculate a(-4).
-4
Let d(b) = -2*b. Let v = 29 + -20. Let y(p) = -5*p - p**2 + 1 + 13*p + 10. Let s be y(v). Determine d(s).
-4
Let p(m) = -m - 6 + 0*m - m + 2. Let h(y) = 2*y + 3. Let g(x) = 4*h(x) + 3*p(x). Determine g(4).
8
Let j(s) = s**2 + 4*s - 3. Let t = -47 + 80. Let m be 1/2 + t/(-6). Determine j(m).
2
Let n(q) = -q**3 + 7*q**2 - q + 7. Suppose 3*s = 2*w + 21, -5*s + 3*w + 1 = -34. Calculate n(s).
0
Suppose 25 = 5*p - s - 19, -4*p + 2*s = -34. Suppose 4*b = b + p. Let r(q) = 3 - 4 - b*q + 6*q. Determine r(-1).
-4
Let x(o) be the third derivative of -o**4/6 - 5*o**3/6 + 7*o**2. Give x(-5).
15
Let u be 8/(-5) + 4/(-10). Let v(f) be the third derivative of f**5/20 + f**4/6 + f**3/3 + 95*f**2. Calculate v(u).
6
Let w(v) = 3*v**3 + 4*v - 4. Let p(f) = -4*f**3 - f**2 - 5*f + 5. Let x(s) = 2*p(s) + 3*w(s). Let o(m) = -4 - 2*m + 2 + 0*m. Let b be o(-2). Give x(b).
2
Let g(i) be the third derivative of -i**6/120 - 7*i**5/60 - i**4/24 - 7*i**3/6 + 3*i**2. Give g(-7).
0
Let i(x) be the third derivative of -x**6/120 + x**5/10 - x**4/4 + 2*x**3/3 - 5*x**2. Determine i(5).
-1
Let c(g) = 5*g**3 - 2*g**2 - 6*g - 2. Let t(z) = 6*z**3 - 2*z**2 - 7*z - 3. Let f(q) = -5*c(q) + 4*t(q). Calculate f(3).
-5
Suppose -2 = o - 6. Suppose -2*b = o - 2. Let u(y) = 2*y + y**3 + 2*y - 3*y. Calculate u(b).
-2
Let j(o) = 3*o + 2. Let b be j(-2). Let i = 9 + b. Let w(f) = f**3 - 5*f**2 + f - 4. Determine w(i).
1
Let f be 6*(-5 - (54/12)/(-1)). Let t(d) = 2*d + 2*d + 1 + 2*d**2 - d**2. Give t(f).
-2
Let d(q) be the second derivative of 1/2*q**2 + 0 + 5/6*q**3 - q + 1/12*q**4. Let f = -126 - -123. Calculate d(f).
-5
Suppose j + 4*j - 20 = 0. Let p(v) = 5*v - j*v - 6 + 1. Determine p(5).
0
Let o(t) = -t + 1. Suppose 2*w + 42 = -w. Let v be 4/w + (-92)/(-28). Let l be (-10)/v*(-24)/20. Calculate o(l).
-3
Let f(o) = 5*o - 1. Let t be 6/(4 + -1) + 3 + -4. Give f(t).
4
Let f(i) = -1. Let u(v) = -2*v + 6. Let q(k) = -15*f(k) - 3*u(k). What is q(2)?
9
Suppose -4*h = b, 2*b + h - 10 = 3*h. Let c = 6 - b. Let w(y) = y**2 - 3 + 4 - 3*y**c + 3*y. What is w(3)?
-8
Let h be 15/(-2) + 5/10. Let n(q) = q**3 + 7*q**2 + 2*q + 10. What is n(h)?
-4
Let x(a) = a**3 - 6*a**2 + 3*a + 1. Let s be (-9 - 1)/(-1) - 3. Let g be s/1 + (3 - 5). Give x(g).
-9
Suppose 0 = -2*m + 8 - 4. Let a(z) = -2*z**2 + 4*z - 3. Calculate a(m).
-3
Let p(d) be the third derivative of d**7/840 + d**6/72 + d**5/120 + d**4/6 + d**3/6 + 3*d**2. Let r(i) be the first derivative of p(i). Determine r(-5).
-1
Suppose 0 = -3*m - m. Let s(x) = 9*x + 3*x**2 + m*x**2 + 9 - 5*x**2 + 3*x**2. Calculate s(-6).
-9
Let a(p) be the first derivative of -p**2/2 - 24. Suppose 0 = 5*s - 3*o + 9, -2*s = -3*o + 3 + 6. Calculate a(s).
0
Let z(o) = 3*o + 0 - 16 + 2 - 4*o. Calculate z(-6).
-8
Let t(w) = 8*w + 0*w**2 + 7 + 7*w**2 - w**3 + 2*w**3 + 0*w. What is t(-6)?
-5
Let x(b) = b**2 + 2*b. Let t(g) = -3*g - 2. Let u be t(-6). Suppose -5*f - 4 = -4*w - 0, 4*f = -u. Give x(w).
8
Let f(v) = -v**2 - 10*v - 12. Suppose 2*m = -17*z + 18*z + 11, 6 = -z - 3*m. Calculate f(z).
-3
Let o be (-1 + 4)/(6/4). Suppose o*h = h + 5. Suppose -h*p - 4*t = 24, p - 5*t = -2*p - 7. Let r(m) = -m**2 - 3*m + 3. Calculate r(p).
-1
Suppose -30 = -11*c + 6*c. Suppose -c*g = -g - 10. Let x(z) = z**3 + z**2 - 4*z + 3. Determine x(g).
7
Let l = 16 - 16. Let h(s) = -4 - s**2 - 2*s + 2*s. Determine h(l).
-4
Suppose 28 - 8 = 4*q.